). Let a(i) be the second derivative of 1 - 1/3*i**4 + 1/20*i**5 + 4*i + 1/6*i**3 + 0*i**2. Calculate a(b).
-6
Let h(r) = 70*r + 218. Let m(z) = 49. Let j(o) = -h(o) - 7*m(o). Determine j(-8).
-1
Suppose 10 = 8*d - 6. Let m(f) be the second derivative of 7*f**3/6 + f**2/2 + 586*f. What is m(d)?
15
Let p(a) = -a - 1947. Let z(u) = -895. Let h(w) = -6*p(w) + 13*z(w). What is h(-5)?
17
Let k(p) = 33*p + 64*p - 89*p - 3*p**2 + 5 + 2. Give k(-1).
-4
Suppose -2 = 3*m - 29. Suppose 8*p + 2 = m*p. Let k(n) = -4*n**2 + 0 - 3*n + 3 - 14*n**2 + 13*n**2 - 1. Give k(p).
-24
Let o(r) = r + 11. Let n = -2 - 2. Let s be (-330)/18 + 5 - (66/18 + -4). Let t be 10 + s + (-1 - n). Calculate o(t).
11
Let s(t) = -2*t**2 - 2*t + 4. Suppose -3*w - 24 = -9*w. Suppose 0 = -3*l + 9, 3*l + 8 = -w*y + 5. Determine s(y).
-8
Let n = 383 - 743. Let f = -358 - n. Let a(k) = k**3 - k**2 + 1. Give a(f).
5
Let k(t) = 3*t**3 - 5*t**2 - 2*t + 1. Let l(p) = -2*p**3 + 4*p**2 + p - 1. Let m(d) = 3*k(d) + 4*l(d). Let v be m(0). Let i(y) = 10*y**2 - 1. Calculate i(v).
9
Let i(p) = 3*p**3 - 5*p**2 - 2*p - 3. Let g(u) = -u**3 - u - 1. Let n = -130 - -126. Let h(o) = n*g(o) - i(o). What is h(-5)?
-23
Let i(y) = -16*y + 47. Let h(b) = 2*b - 6. Let c(v) = 14*h(v) + 2*i(v). Give c(3).
-2
Let q(b) be the second derivative of -2*b**5/15 - b**4/24 + 15*b**2/2 - 66*b. Let r(v) be the first derivative of q(v). Calculate r(-1).
-7
Let s(r) be the first derivative of -1/3*r**3 + 73 - 4*r + 7/2*r**2. Calculate s(7).
-4
Let j = 2066 - 2069. Let f(g) = -g**3 - 6*g**2 - 6*g. Give f(j).
-9
Let n(t) = -11*t**2 - 4*t + 2. Let i(l) be the third derivative of 13*l**5/60 + l**4/6 - l**3/2 + 41*l**2. Let c(q) = -6*i(q) - 7*n(q). Determine c(0).
4
Let q(k) = -3*k - 15972 - 4*k + 7974 + 8050. Give q(12).
-32
Let k be (-3*(-6)/(-9))/(-2 - -4). Let b = 8 + k. Let v(u) = u - 8. Calculate v(b).
-1
Let b(w) = -w**2 + 7*w + 29. Let m(o) = -o**3 - 17*o**2 + 38*o - 3. Let k be m(-19). Let r be b(k). Let v(x) = -x**3 + x**2. Determine v(r).
2
Let w = -4 - -7. Let t(z) = 0*z**w + 5*z + z**3 - 7*z**3 + 7*z**3 - 5 - 4*z**2. Let c(g) = g**3 + 34*g**2 - g - 30. Let n be c(-34). Calculate t(n).
15
Let c(t) be the third derivative of -t**5/60 - t**4/8 + t**3/6 - 369*t**2. Let k be 1/2 - (-14)/4. Suppose -4*z + 12 = -k, 3*p + 5*z = 26. Calculate c(p).
-9
Let a(m) = -2*m**2 + 17*m - 8. Let r(v) = v + 1. Let k(j) = -a(j) + 8*r(j). Calculate k(5).
21
Let f(x) = 0 - 2 + 152*x**2 - 151*x**2. Let s = -9 - -11. Let w be (2 - s)*(-3)/(-6). Give f(w).
-2
Let o(h) be the second derivative of 0 - 2/5*h**5 - 1/6*h**4 + 0*h**3 + 1/2*h**2 + 22*h. Suppose -5*b - 3*m = -2*b, 2*m - 7 = 5*b. Calculate o(b).
7
Suppose -136 + 37 = -13*v + 31. Let y(n) = n**3 - 11*n**2 + 19*n - 9. What is y(v)?
81
Let s be (-4)/(1*(-16)/(-12)). Let x be 30/(-5) + (0 - s). Let b(v) = 3*v**2 + v - 1. What is b(x)?
23
Let q(h) be the first derivative of -7 - 1/2*h**2 + 7*h. What is q(5)?
2
Let q(b) = 7*b - 41. Let o = 4443 - 4437. Calculate q(o).
1
Let f(h) be the first derivative of 3*h**2/2 + 46*h - 915. Give f(-16).
-2
Let l(f) = 78*f - 1164. Let y be l(15). Let i(u) be the third derivative of -u**4/24 + 5*u**3/6 + 2*u**2. Calculate i(y).
-1
Let c be (-34)/(-8) - (-1)/(-4). Let f(m) = m - 2*m - c + 6 - 4*m**2. Let k = 6477 + -6475. What is f(k)?
-16
Let o(r) be the first derivative of r**4/4 + 8*r**3/3 - 9*r**2/2 - 2*r + 1123. Give o(-9).
-2
Let r(i) = 120 + 7*i**2 + 122 - 361 - 15*i**2 - 96*i + 116. Calculate r(-12).
-3
Let v(t) = -37*t**3 + 15*t**2 - 5*t - 12. Let y(s) = -21*s**3 + 8*s**2 - 3*s - 7. Let h(u) = -4*v(u) + 7*y(u). Determine h(2).
-11
Let q(o) = o**3 + 19*o**2 + 18*o + 19. Let s be q(-18). Let r = s + -21. Let a(z) = -z + 3*z + 2*z - z**2 - 6*z. Calculate a(r).
0
Let v(w) be the third derivative of -5*w**4/24 - 13*w**3/3 + 6*w**2 + 13*w. Let h(y) = 2*y + 10. Let k(b) = 8*h(b) + 3*v(b). What is k(-7)?
-5
Let n(d) = 4*d**2. Suppose 149*s - 166*s - 17 = 0. Calculate n(s).
4
Let c(d) = d**3 + 6*d**2 + 5*d - 4. Let k(h) = 62*h + 2*h**2 + 6 - 35*h - 33*h. Let z be k(2). Let p be ((1 - 0) + -9)/z. What is c(p)?
8
Let l(d) = 2*d**2 + 6*d + 3. Let f(r) = 1. Let y(c) = -6*f(c) - l(c). Let s(g) = -g**3 - 13*g**2 - 34*g - 46. Let a be s(-10). Calculate y(a).
-45
Let y(v) = -3*v**2 - 21*v - 16. Let j be (-4)/(-18)*(-153)/(-17) - 8. Give y(j).
2
Let s(j) = 2 - 3 + 6*j + 0 + 2*j - 2*j**2. Let d(q) = q**2 - q + 1. Let l(h) = 4*d(h) + s(h). Let i be ((1540/198)/35)/(2/(-18)). What is l(i)?
3
Let j(b) = b**2 + 3*b + 19. Let q be j(0). Let f = q - 40. Let o = -22 - f. Let d(h) = 8*h + 1. Calculate d(o).
-7
Let n(o) be the third derivative of -1/60*o**5 - 10*o**2 - 11/60*o**6 + 0*o + 0*o**4 + 1/6*o**3 + 0. Calculate n(1).
-22
Let q(z) = -z**2 - 3*z + 161. Let p be q(-14). Let j(y) = 4*y + 11. Let w(h) = 15 - 6 - 5 + h. Let d(g) = -2*j(g) + 7*w(g). Give d(p).
-1
Let g(r) be the third derivative of r**6/120 - r**5/120 + 2*r**4/3 + 7*r**2. Let t(i) be the second derivative of g(i). Suppose -8 = -8*w + 4*w. What is t(w)?
11
Let q(f) = -3*f - 1. Let m be ((-4)/30*-3)/((-18)/(-1080)). Suppose t - 75 = m. Let u = t - 94. Give q(u).
-16
Let q be (-8 + (-18)/(-2))*4. Let l(v) = -v**3 + 6*v**2 - 10*v + 13. Determine l(q).
5
Let r(j) be the third derivative of j**6/120 - j**5/60 + 7*j**4/24 - 10*j**3/3 + 63*j**2 - j. Determine r(0).
-20
Let r = -25 - -23. Let y be 2/(-1) + 2 - r. Let z(d) = 70*d - 4*d**2 - y*d**2 - 69*d. Determine z(-1).
-7
Let a(g) be the first derivative of -g**4/4 + 3*g**3 + 6*g**2 - 3*g + 1088. What is a(10)?
17
Let g = 24 - 19. Let v(d) = 3*d - 11*d + 2*d**2 + 6*d - 2 - 2*d**3 + g*d. Suppose 1 = -c + 4, 3*y + 9 = 5*c. Determine v(y).
-4
Let u(o) be the third derivative of 1/120*o**6 + 1/4*o**4 + 153*o**2 - 1/6*o**3 + 1/10*o**5 + 0 + 0*o. Calculate u(-5).
-6
Let s(y) = 3056*y**2 - 1517*y**2 - 1 - 1520*y**2 + 0. Determine s(1).
18
Let j = 682 - 677. Let x(n) = 2*n - 47 - j*n + 2*n + 36. Give x(-8).
-3
Suppose -2*g - 40 = -2*a - 12, -2*a = -3*g - 28. Suppose -11*i - a = 3*i. Let l(r) = -r**3 - 2*r**2 - r - 1. Determine l(i).
-1
Let z(g) be the first derivative of -g**3/3 - 7*g**2/2 - 9*g - 8402. Calculate z(6).
-87
Let z(f) = 12*f**3 + 3*f**2 - 44*f + 5. Let i(w) = 9*w**3 + 2*w**2 - 35*w + 4. Let u(h) = 5*i(h) - 4*z(h). Determine u(1).
-4
Let b(l) = -l**3 + 7*l**2 + 26*l - 143. Let v be b(8). Let g(u) = 42*u**2. What is g(v)?
42
Let g(u) = u**3 - 7*u**2 - 1. Suppose h - 3*h + 8 = 0. Let v be 7 + (6 - 6) + -1 - (-4 + -3). Suppose 3 = h*p - v, -3*p = -4*m + 16. What is g(m)?
-1
Let l(j) = 2*j**2 + j + 2. Let p(b) = 7*b**2 + 68*b + 60. Let g(c) = 2*l(c) - p(c). Determine g(-21).
7
Let c(f) = -f**2 - 16*f - 2. Suppose 12 + 78 = -18*w. Let x(s) = s**2 + 17*s + 1. Let p(v) = w*x(v) - 6*c(v). Determine p(-5).
-23
Let n(d) = 26 - d - 40 - d**2 - 403*d**3 + 402*d**3 + 10*d**2. Calculate n(6).
88
Let g(z) = 5*z**2 - 17*z - 2. Let o be g(3). Let s(f) = 2*f**2 + 15*f - 12. Give s(o).
-4
Let n(x) = x**3 + 2*x**2 + 2*x. Let p be n(-2). Let b(m) = m**2 + 4*m - 11. Give b(p).
-11
Suppose -2*s = 5*g - 4, -4*g + 3 = 3*s - 3. Let x(j) = 0*j**2 + 16*j + j**s + 10 - 3. What is x(-6)?
-53
Let m(k) be the first derivative of 2*k**3/3 - 4*k**2 - 14*k + 1078. What is m(5)?
-4
Let q(h) = h**3 - 10*h**2 - 9*h + 199. Let k be q(8). Let p(f) = 30*f + 2. Determine p(k).
-28
Suppose -2653*z + 3*u - 19 = -2651*z, -59 = 5*z + 4*u. Let y(k) = -k**3 - 4*k**2 + 74*k - 23. Calculate y(z).
10
Let u(b) = 51*b + 5. Let k(a) = -93*a - 13. Let m(q) = -5*k(q) - 9*u(q). Determine m(-9).
-34
Let i(p) = -2*p**2 + 8*p + 6. Suppose -k + 10*v + 13 = 15*v, 2*k - 2*v - 2 = 0. Suppose 13*y = -2*u + 17*y - 8, -y - 13 = -k*u. What is i(u)?
-18
Suppose 0 = -2*x + 4, -5*k + 2*x + 2027 + 1314 = 0. Let r(n) = 219*n - k*n + 224*n + 217*n. What is r(-1)?
9
Let a(x) = -33*x - 33*x + 17*x**2 - 2*x**3 + 26 - 37*x + x**2 + 99*x. Give a(9).
-10
Let j be (61/7 - 3) + ((-60)/(-14) - 4). Let b(q) = -2*q**2 - 8*q + 52. Give b(j).
-68
Suppose -2*u - 2*v + 20 = 2*u, -3*v = -2*u + 2. Let i = -97 + 99. Let t(f) = 1 + 4*f - 67*f**2 + f + 66*f**i. Determine t(u).
5
Let s(p) = p**3 - 22*p**2 + 22*p - 22. Let l be (-1)/2 - 11/(-2). Suppose -l*k + 89 = -4*y, -4*y = 2*k - y - 54. Let q be s(k). Let j(w) = -w. Give j(q).
1
Let d(v) be 